1?
3011
What are the prime factors of 4964?
2, 17, 73
List the prime factors of 13997.
13997
List the prime factors of 57305.
5, 73, 157
What are the prime factors of 26765?
5, 53, 101
List the prime factors of 22613.
22613
List the prime factors of 104068.
2, 26017
What are the prime factors of 86153?
101, 853
List the prime factors of 3563.
7, 509
What are the prime factors of 1616?
2, 101
List the prime factors of 15273.
3, 1697
What are the prime factors of 537?
3, 179
What are the prime factors of 2699?
2699
What are the prime factors of 4052?
2, 1013
List the prime factors of 2938.
2, 13, 113
What are the prime factors of 1258?
2, 17, 37
List the prime factors of 2002.
2, 7, 11, 13
What are the prime factors of 4132?
2, 1033
List the prime factors of 1639.
11, 149
What are the prime factors of 36982?
2, 11, 41
List the prime factors of 89223.
3, 29741
What are the prime factors of 29946?
2, 3, 7, 23, 31
What are the prime factors of 41992?
2, 29, 181
List the prime factors of 2375.
5, 19
List the prime factors of 53278.
2, 17, 1567
List the prime factors of 367.
367
What are the prime factors of 24233?
11, 2203
List the prime factors of 51920.
2, 5, 11, 59
What are the prime factors of 362?
2, 181
List the prime factors of 86199.
3, 59, 487
List the prime factors of 1015.
5, 7, 29
List the prime factors of 2761.
11, 251
List the prime factors of 1377.
3, 17
What are the prime factors of 116979?
3, 38993
List the prime factors of 20121.
3, 19, 353
What are the prime factors of 616?
2, 7, 11
What are the prime factors of 108132?
2, 3, 9011
List the prime factors of 81363.
3, 37, 733
List the prime factors of 16407.
3, 1823
What are the prime factors of 1343?
17, 79
List the prime factors of 10409.
7, 1487
List the prime factors of 4307.
59, 73
What are the prime factors of 24759?
3, 7, 131
List the prime factors of 41029.
89, 461
List the prime factors of 28362.
2, 3, 29, 163
What are the prime factors of 2593?
2593
What are the prime factors of 797?
797
List the prime factors of 35084.
2, 7, 179
What are the prime factors of 70916?
2, 17729
What are the prime factors of 837?
3, 31
What are the prime factors of 1689?
3, 563
List the prime factors of 15847.
13, 23, 53
List the prime factors of 3637.
3637
What are the prime factors of 6400?
2, 5
What are the prime factors of 1124?
2, 281
What are the prime factors of 4219?
4219
What are the prime factors of 2163?
3, 7, 103
List the prime factors of 82588.
2, 11, 1877
List the prime factors of 550.
2, 5, 11
What are the prime factors of 11420?
2, 5, 571
What are the prime factors of 216?
2, 3
What are the prime factors of 101?
101
What are the prime factors of 2118?
2, 3, 353
List the prime factors of 457.
457
List the prime factors of 1774.
2, 887
What are the prime factors of 1438?
2, 719
What are the prime factors of 443?
443
What are the prime factors of 3148?
2, 787
What are the prime factors of 15945?
3, 5, 1063
What are the prime factors of 16653?
3, 7, 13, 61
List the prime factors of 9942.
2, 3, 1657
List the prime factors of 871.
13, 67
List the prime factors of 1522.
2, 761
What are the prime factors of 1212?
2, 3, 101
What are the prime factors of 4140?
2, 3, 5, 23
What are the prime factors of 88141?
19, 4639
What are the prime factors of 46571?
7, 6653
List the prime factors of 37820.
2, 5, 31, 61
What are the prime factors of 50911?
7, 1039
What are the prime factors of 710?
2, 5, 71
What are the prime factors of 3062?
2, 1531
List the prime factors of 5957.
7, 23, 37
What are the prime factors of 15914?
2, 73, 109
What are the prime factors of 52405?
5, 47, 223
What are the prime factors of 1262?
2, 631
What are the prime factors of 318?
2, 3, 53
What are the prime factors of 53852?
2, 13463
What are the prime factors of 97220?
2, 5, 4861
What are the prime factors of 1125?
3, 5
List the prime factors of 24562.
2, 12281
List the prime factors of 14418.
2, 3, 89
What are the prime factors of 345?
3, 5, 23
What are the prime factors of 1955?
5, 17, 23
List the prime factors of 49.
7
What are the prime factors of 13460?
2, 5, 673
List the prime factors of 1845.
3, 5, 41
What are the prime factors of 28868?
2, 7, 1031
What are the prime factors of 2376?
2, 3, 11
List the prime factors of 6914.
2, 3457
List the prime factors of 7287.
3, 7, 347
What are the prime factors of 603?
3, 67
List the prime factors of 158462.
2, 79231
What are the prime factors of 4640?
2, 5, 29
What are the prime factors of 89770?
2, 5, 47, 191
What are the prime factors of 6226?
2, 11, 283
What are the prime factors of 6146?
2, 7, 439
What are the prime factors of 18756?
2, 3, 521
List the prime factors of 4726.
2, 17, 139
What are the prime factors of 1086?
2, 3, 181
List the prime factors of 12891.
3, 4297
List the prime factors of 38679.
3, 12893
List the prime factors of 3271.
3271
What are the prime factors of 6912?
2, 3
What are the prime factors of 5028?
2, 3, 419
What are the prime factors of 29431?
19, 1549
What are the prime factors of 286?
2, 11, 13
What are the prime factors of 3850?
2, 5, 7, 11
What are the prime factors of 2736?
2, 3, 19
What are the prime factors of 1612?
2, 13, 31
What are the prime factors of 43997?
43997
List the prime factors of 3446.
2, 1723
What are the prime factors of 633?
3, 211
What are the prime factors of 403?
13, 31
What are the prime factors of 597?
3, 199
What are the prime factors of 19456?
2, 19
List the prime factors of 48287.
109, 443
What are the prime factors of 2844?
2, 3, 79
List the prime factors of 1064.
2, 7, 19
What are the prime factors of 94043?
157, 599
What are the prime factors of 26992?
2, 7, 241
List the prime factors of 468.
2, 3, 13
What are the prime factors of 800?
2, 5
List the prime factors of 37471.
7, 53, 101
What are the prime factors of 15496?
2, 13, 149
What are the prime factors of 2320?
2, 5, 29
List the prime factors of 4711.
7, 673
What are the prime factors of 1034?
2, 11, 47
What are the prime factors of 1907?
1907
What are the prime factors of 1942?
2, 971
List the prime factors of 276.
2, 3, 23
List the prime factors of 1388.
2, 347
What are the prime factors of 43582?
2, 7, 11, 283
List the prime factors of 7695.
3, 5, 19
List the prime factors of 32968.
2, 13, 317
List the prime factors of 3297.
3, 7, 157
What are the prime factors of 43092?
2, 3, 7, 19
List the prime factors of 971.
971
What are the prime factors of 25036?
2, 11, 569
What are the prime factors of 38261?
38261
List the prime factors of 855.
3, 5, 19
What are the prime factors of 169389?
3, 11, 29, 59
List the prime factors of 217.
7, 31
What are the prime factors of 7627?
29, 263
What are the prime factors of 79108?
2, 19777
List the prime factors of 1634.
2, 19, 43
List the prime factors of 1127.
7, 23
List the prime factors of 170788.
2, 42697
List the prime factors of 1778.
2, 7, 127
List the prime factors of 1094.
2, 547
What are the prime factors of 2032?
2, 127
What are the prime factors of 4949?
7, 101
What are the prime factors of 466?
2, 233
What are the prime factors of 528?
2, 3, 11
What are the prime factors of 82759?
82759
List the prime factors of 5978.
2, 7, 61
List the prime factors of 12906.
2, 3, 239
List the prime factors of 29683.
29683
What are the prime factors of 805?
5, 7, 23
What are the prime factors of 12353?
11, 1123
What are the prime factors of 1222?
2, 13, 47
What are the prime factors of 3054?
2, 3, 509
What are the prime factors of 23716?
2, 7, 11
List the prime factors of 4805.
5, 31
List the prime factors of 37169.
11, 31, 109
What are the prime factors of 32640?
2, 3, 5, 17
List the prime factors of 53600.
2, 5, 67
List the prime factors of 29946.
2, 3, 7, 23, 31
List the prime factors of 6450.
2, 3, 5, 43
List the prime factors of 3570.
2, 3, 5, 7, 17
What are the prime factors of 1175?
5, 47
What are the prime factors of 373?
373
List the prime factors of 1692.
2, 3, 47
List the prime factors of 273.
3, 7, 13
List the prime factors of 2451.
3, 19, 43
List the prime factors of 64178.
2, 32089
What are the prime factors of 1528?
2, 191
What are the prime factors of 8458?
2, 4229
What are the prime factors of 6061?
11, 19, 29
What are the prime factors of 439?
439
List the prime factors of 28518.
2, 3, 7, 97
List 